nder when 391 is divided by 28?
27
Calculate the remainder when 108 is divided by 35.
3
Calculate the remainder when 5559 is divided by 1851.
6
Calculate the remainder when 1334 is divided by 426.
56
What is the remainder when 1307 is divided by 50?
7
What is the remainder when 180 is divided by 157?
23
What is the remainder when 206 is divided by 113?
93
What is the remainder when 82 is divided by 72?
10
What is the remainder when 107 is divided by 28?
23
Calculate the remainder when 320 is divided by 19.
16
What is the remainder when 244 is divided by 49?
48
Calculate the remainder when 2340 is divided by 21.
9
Calculate the remainder when 16036 is divided by 54.
52
What is the remainder when 1056 is divided by 178?
166
Calculate the remainder when 1219 is divided by 36.
31
What is the remainder when 83 is divided by 42?
41
Calculate the remainder when 5195 is divided by 1729.
8
What is the remainder when 315 is divided by 81?
72
What is the remainder when 688 is divided by 26?
12
What is the remainder when 1129 is divided by 281?
5
Calculate the remainder when 1780 is divided by 6.
4
Calculate the remainder when 10711 is divided by 13.
12
What is the remainder when 804 is divided by 389?
26
What is the remainder when 2022 is divided by 15?
12
Calculate the remainder when 618 is divided by 37.
26
Calculate the remainder when 861 is divided by 12.
9
Calculate the remainder when 27 is divided by 14.
13
What is the remainder when 88 is divided by 7?
4
What is the remainder when 370 is divided by 355?
15
Calculate the remainder when 118 is divided by 34.
16
Calculate the remainder when 1224 is divided by 83.
62
Calculate the remainder when 1488 is divided by 26.
6
Calculate the remainder when 925 is divided by 8.
5
What is the remainder when 3982 is divided by 1321?
19
Calculate the remainder when 4152 is divided by 14.
8
What is the remainder when 94 is divided by 33?
28
Calculate the remainder when 3133 is divided by 25.
8
What is the remainder when 7409 is divided by 78?
77
Calculate the remainder when 313 is divided by 105.
103
Calculate the remainder when 62 is divided by 16.
14
Calculate the remainder when 294 is divided by 60.
54
What is the remainder when 622 is divided by 215?
192
Calculate the remainder when 83 is divided by 34.
15
What is the remainder when 140 is divided by 112?
28
Calculate the remainder when 692 is divided by 58.
54
Calculate the remainder when 1363 is divided by 338.
11
What is the remainder when 1109 is divided by 143?
108
What is the remainder when 517 is divided by 111?
73
What is the remainder when 250 is divided by 67?
49
Calculate the remainder when 573 is divided by 64.
61
Calculate the remainder when 157 is divided by 41.
34
What is the remainder when 18177 is divided by 122?
121
Calculate the remainder when 124 is divided by 16.
12
What is the remainder when 289 is divided by 79?
52
What is the remainder when 43 is divided by 13?
4
Calculate the remainder when 189 is divided by 13.
7
Calculate the remainder when 658 is divided by 75.
58
Calculate the remainder when 630 is divided by 163.
141
Calculate the remainder when 68 is divided by 10.
8
Calculate the remainder when 306 is divided by 45.
36
Calculate the remainder when 374 is divided by 160.
54
Calculate the remainder when 5544 is divided by 59.
57
What is the remainder when 394 is divided by 164?
66
What is the remainder when 63 is divided by 13?
11
Calculate the remainder when 16630 is divided by 24.
22
What is the remainder when 303 is divided by 11?
6
What is the remainder when 941 is divided by 43?
38
Calculate the remainder when 483 is divided by 19.
8
Calculate the remainder when 233 is divided by 37.
11
What is the remainder when 5345 is divided by 9?
8
Calculate the remainder when 214 is divided by 27.
25
Calculate the remainder when 508 is divided by 495.
13
What is the remainder when 414 is divided by 102?
6
What is the remainder when 127 is divided by 66?
61
Calculate the remainder when 462 is divided by 80.
62
Calculate the remainder when 914 is divided by 17.
13
What is the remainder when 729 is divided by 242?
3
What is the remainder when 5126 is divided by 10?
6
Calculate the remainder when 243 is divided by 40.
3
What is the remainder when 5342 is divided by 3?
2
What is the remainder when 65 is divided by 11?
10
What is the remainder when 675 is divided by 471?
204
Calculate the remainder when 4086 is divided by 1019.
10
What is the remainder when 2855 is divided by 168?
167
What is the remainder when 3616 is divided by 77?
74
What is the remainder when 56 is divided by 1?
0
Calculate the remainder when 150 is divided by 17.
14
What is the remainder when 6634 is divided by 81?
73
What is the remainder when 16 is divided by 14?
2
Calculate the remainder when 243 is divided by 59.
7
Calculate the remainder when 375 is divided by 35.
25
What is the remainder when 187 is divided by 27?
25
What is the remainder when 464 is divided by 98?
72
Calculate the remainder when 938 is divided by 455.
28
What is the remainder when 37958 is divided by 365?
363
What is the remainder when 205 is divided by 36?
25
Calculate the remainder when 1031 is divided by 8.
7
Calculate the remainder when 11313 is divided by 31.
29
What is the remainder when 1147 is divided by 23?
20
What is the remainder when 69 is divided by 17?
1
What is the remainder when 15197 is divided by 76?
73
What is the remainder when 474 is divided by 133?
75
Calculate the remainder when 625 is divided by 28.
9
Calculate the remainder when 219 is divided by 22.
21
What is the remainder when 1403 is divided by 108?
107
Calculate the remainder when 351 is divided by 34.
11
Calculate the remainder when 19938 is divided by 127.
126
What is the remainder when 409 is divided by 134?
7
Calculate the remainder when 184 is divided by 162.
22
Calculate the remainder when 6676 is divided by 14.
12
What is the remainder when 1855 is divided by 615?
10
Calculate the remainder when 246 is divided by 88.
70
Calculate the remainder when 297 is divided by 142.
13
Calculate the remainder when 10332 is divided by 136.
132
Calculate the remainder when 855 is divided by 26.
23
Calculate the remainder when 1161 is divided by 292.
285
Calculate the remainder when 1757 is divided by 40.
37
What is the remainder when 245 is divided by 51?
41
Calculate the remainder when 242 is divided by 61.
59
Calculate the remainder when 24 is divided by 10.
4
What is the remainder when 73 is divided by 31?
11
What is the remainder when 363 is divided by 16?
11
What is the remainder when 170 is divided by 58?
54
What is the remainder when 48 is divided by 31?
17
What is the remainder when 1717 is divided by 20?
17
Calculate the remainder when 82 is divided by 75.
7
Calculate the remainder when 363 is divided by 28.
27
Calculate the remainder when 205 is divided by 76.
53
Calculate the remainder when 814 is divided by 402.
10
What is the remainder when 81 is divided by 74?
7
What is the remainder when 82 is divided by 37?
8
What is the remainder when 2547 is divided by 846?
9
What is the remainder when 798 is divided by 32?
30
What is the remainder when 161 is divided by 156?
5
What is the remainder when 165 is divided by 6?
3
What is the remainder when 13748 is divided by 72?
68
What is the remainder when 834 is divided by 29?
22
Calculate the remainder when 2399 is divided by 1169.
61
What is the remainder when 701 is divided by 27?
26
Calculate the remainder when 411 is divided by 4.
3
What is the remainder when 545 is divided by 39?
38
What is the remainder when 1546 is divided by 47?
42
Calculate the remainder when 2417 is divided by 31.
30
What is the remainder when 121 is divided by 22?
11
Calculate the remainder when 4609 is divided by 71.
65
Calculate the remainder when 1676 is divided by 28.
24
Calculate the remainder when 9896 is divided by 101.
99
What is the remainder when 505 is divided by 17?
12
Calculate the remainder when 788 is divided by 10.
8
Calculate the remainder when 1146 is divided by 49.
19
Calculate the remainder when 66703 is divided by 15.
13
What is the remainder when 310 is divided by 52?
50
What is the remainder when 3587 is divided by 5?
2
What is the remainder when 1440 is divided by 2